ose -b*f + 52 = -t. What is the tens digit of f?
1
Let s = -47 + 64. What is the tens digit of s?
1
Let s(m) = 0*m + 7 - 4*m**3 + 5*m**3 + 6*m**2 - m. Let b be s(-6). Suppose u = 2*u - b. What is the tens digit of u?
1
Let r = -13 - -17. What is the units digit of r?
4
Let s be 9/(2*3/8). Let y = 26 - s. What is the tens digit of y?
1
Let f = 164 - 105. What is the tens digit of f?
5
Suppose -6*u = -3*u + 3. Suppose -8*f = -4*f. Let h = f - u. What is the units digit of h?
1
Let l(u) = 24*u**2. Let y be l(-1). Let q = y - 14. What is the units digit of 26/q + (-2)/(-5)?
3
Suppose 53 = 4*x - 79. What is the units digit of x?
3
Let x(v) = 19*v**2 + 3*v + 1. Let d be x(-2). Let r = -33 + d. Suppose 5*a = r + 17. What is the tens digit of a?
1
Suppose -q = -5*q - 2*c + 1114, 0 = 5*q - 4*c - 1425. What is the units digit of q?
1
Let t(x) = x**2 - x - 4. What is the tens digit of t(5)?
1
Let r be (24/16)/(1/2). Suppose 20 = -n + r*n. What is the tens digit of n?
1
Let n = -28 - -62. What is the units digit of n?
4
Let o be -1*(1 + -5 + 3). Let s be (o - (-14)/(-8))*-4. Suppose i = -0*i + s*d + 13, 2*d - 50 = -2*i. What is the tens digit of i?
2
Let i(w) be the second derivative of -w**5/20 - w**4/3 - w**3/6 + 2*w. Suppose -2*t + 5*a - 17 = 11, -2*a = -8. What is the units digit of i(t)?
4
Suppose 2*t + t - 60 = 0. What is the tens digit of t?
2
Suppose -b = s - 14, 2*b + 3 = s + 1. Suppose 0 = -0*z + 2*z - s, -p = -3*z - 2. What is the tens digit of p?
1
What is the units digit of (40/(-8))/(2/(-2))?
5
Suppose 0 = f - 58 + 8. What is the units digit of f?
0
Let m(k) = -k**3 - 6*k**2 + 8*k + 8. Let o(h) = -h**2 - 2*h - 4. Let b be o(-3). Let q be m(b). What is the units digit of (1 - 2)*q*-6?
6
Suppose -15 + 33 = 2*b. Let m = -8 + b. What is the units digit of m?
1
Let o(d) = -d - 4. Let u be o(0). Let s(f) = 3*f**2 + 5*f + 3. What is the tens digit of s(u)?
3
Let p(l) = l**3 + 2*l**2 + l + 2. Let w be p(-2). Let r be 20/9 + (-6)/27. Suppose 4 + w = r*m - 2*a, -5*m = -2*a - 19. What is the units digit of m?
5
Let l(z) = -2*z + 0*z + 0*z. What is the units digit of l(-6)?
2
Let v = 12 - 10. Suppose 0 = v*n, -o - n + 3*n + 11 = 0. What is the units digit of o?
1
Let m = 6 - 10. Let v be (-6)/m*(-8)/(-3). Suppose -2*h - 2*x - 3*x = 16, 18 = h - v*x. What is the units digit of h?
2
Let j be (-2)/4 - (-35)/(-14). Let q be 3/((-6)/28) + 0. What is the units digit of (q - -2)*2/j?
8
Let w(v) = v**3 - 4*v**2 - 4*v + 7. Let c be w(5). What is the units digit of (16/6)/(4/c)?
8
Suppose 0 = 11*h - 6*h - 510. What is the hundreds digit of h?
1
Suppose 3*d - 3 = -0*d - 4*g, -3*d = 3*g - 6. What is the units digit of d?
5
Suppose 0 = 2*i + 6*i - 1216. What is the hundreds digit of i?
1
Suppose -f + v + 2*v = -36, 5*f - 5*v - 170 = 0. What is the units digit of f?
3
Suppose -4*l + l = -5*h + 8, -4*h + 3*l + 4 = 0. Suppose 0*g = -g + h. Suppose 4*i - g = -0. What is the units digit of i?
1
Let r(p) = 2*p - 6. Suppose 2*y - 12 = -0*y. Let o be r(y). What is the units digit of 6/4 - (-3)/o?
2
What is the units digit of (2 + 18)*(-5)/(-10)?
0
Suppose -3*l + 6 = 21. What is the units digit of 2*7*l/(-5)?
4
Let k = -29 + 20. Let s = -2 - k. Suppose -4*n - 3 = -s. What is the units digit of n?
1
Suppose 0 = 3*b - 8*b - 30. Let t = -8 - b. Let j(w) = 3*w**2 + 2*w - 1. What is the units digit of j(t)?
7
Let q(r) = -r**3 + 8*r**2 - 6*r - 5. Let w(z) = z**3 - 3*z**2 + 2*z + 1. Let s be w(3). What is the units digit of q(s)?
2
Let t(n) = 3*n**3 - n**2 + n. Let o be t(1). What is the units digit of 1 + (2*o - -1)?
8
Let q = -22 + 56. What is the units digit of q?
4
Let i(t) = -12*t - 4. Let k be i(-5). Let w = 122 - k. Suppose 0 = b - 0*r + 4*r - 7, 3*r + w = 3*b. What is the units digit of b?
9
Suppose -y + 3*y = 6. What is the units digit of y?
3
What is the tens digit of (0 - 0) + 131 - (1 - 0)?
3
Let m = 4 + -2. Suppose -5*c + m*u + 56 = -0*u, 4*c - 2*u - 46 = 0. What is the tens digit of c?
1
Suppose -2*t + u + 111 = 0, 3*t - u + 4*u = 153. What is the units digit of t?
4
Let y(r) = r**3 + 3*r**2 + 4. Let z be y(-3). Suppose -15 = -o + c + z*c, -3*o - 2*c = -28. What is the units digit of o?
0
Let p be 1*(0 + 2) + 6. Let r = 11 + p. What is the units digit of r?
9
Let p = -4 - -9. Suppose -54 = -p*x - 4*n, -2*x + 2*n = -x - 8. What is the tens digit of x?
1
Let c = -29 - -60. Suppose 4*j - j - 12 = -p, 5*j = 2*p + c. What is the units digit of j?
5
Suppose -2*r + r + 1 = 0. Let m be (-1)/((-3)/(-12)) - r. What is the units digit of 1 + (0/(-1) - m)?
6
Let n(d) be the second derivative of d**6/360 - d**5/120 + d**4/24 - d**3/3 + d. Let z(u) be the second derivative of n(u). What is the units digit of z(2)?
3
Let h(i) = i**3 + 7*i**2 + 4*i - 6. Let u be h(-6). Suppose 4*y - u*y + 52 = 0. What is the units digit of y?
6
Let c = 24 - 22. Suppose 3*y = c*y + 28. What is the tens digit of y?
2
Let z be (3 - 0)*(-8)/(-6). Let i be (-3 - -2) + -1 + 4. Suppose -5*x + 3 = -2, -i*o - z*x = -12. What is the units digit of o?
4
Let i be (3/6)/((-3)/12). Let k = 11 + -8. What is the units digit of (-2)/(i/9*k)?
3
What is the hundreds digit of ((-16)/(-6))/4 + (-1268)/(-6)?
2
Let p(t) = 7. Let b(s) = s - 22. Let i(x) = -2*b(x) - 7*p(x). What is the units digit of i(-9)?
3
Let w(m) = m**3 - m**2 - m + 6. Let y be w(0). Suppose -3*o + 8*o = 25. Suppose -2*f + y*f = 2*l + 68, o*f - l - 91 = 0. What is the units digit of f?
9
Let x = -6 - -24. Suppose 0 = -4*j + 13 + 11. What is the tens digit of (-1)/(3/j) + x?
1
Let l(p) = -p**3 + 8*p**2 - 7*p + 7. Let h be l(5). Let g = -31 + h. What is the units digit of g?
6
Suppose 0 = -2*d + 1 + 7. Suppose 0 = -d*m - 14 + 58. What is the units digit of m?
1
What is the tens digit of 2 + 62 + (-3)/(-6)*0?
6
Suppose -3*b - 1 = -16. What is the units digit of b?
5
Suppose -o + 0 = -a - 2, 2*o + a - 13 = 0. What is the units digit of o?
5
Let i(s) = -s**3 + 3*s**2 + 4*s - 6. Let n be i(4). Let p = 16 + n. What is the units digit of p?
0
Let n(b) = -b**3 + 4*b**2 - 3*b - 2. Let f(w) = 4*w**3 - 15*w**2 + 12*w + 7. Let h(z) = -2*f(z) - 9*n(z). What is the tens digit of h(6)?
2
Suppose 0*m - 5*a - 16 = 2*m, -3*m - 14 = 5*a. Let r(i) = 3*i - 3. What is the units digit of r(m)?
3
Let c(z) = 3*z**2 - 11*z - 21. What is the tens digit of c(9)?
2
Suppose 0 = b + 3*b - 12. Suppose b*z = z + 84. What is the tens digit of z?
4
Let z(a) = -a**3 + 7*a**2 - 7*a + 2. Let d be z(6). Let i be (-70)/d*(-4)/(-5). Suppose m - i = -0*m. What is the tens digit of m?
1
Let f = 32 - -15. What is the units digit of f?
7
Suppose 5*o - 27 = -12. Suppose 3*h - 39 = -2*x, o*h - 67 = x - 28. What is the units digit of h?
3
Suppose -4 + 0 = -l, 4*h - 2*l - 128 = 0. What is the tens digit of h?
3
Let r be 82/(-6) - 10/(-15). Let m = r - -18. Let u = m + 6. What is the units digit of u?
1
Let a = -29 - -41. What is the tens digit of a?
1
Let g(s) = -s**2 + s + 1. Let c be g(-1). What is the units digit of 0 - (c + 1) - -10?
0
Suppose -4 = -4*j, 0*v - j - 17 = -3*v. Suppose 4*p - v = 58. Suppose 0*w - x = 2*w - 9, -3*w - 2*x = -p. What is the units digit of w?
2
Let p(n) be the first derivative of n**4/4 + 8*n**3/3 + 5*n**2/2 - 7*n - 4. What is the units digit of p(-7)?
7
Suppose -40 = -2*n + 4. What is the units digit of n?
2
Let w = 41 + 6. What is the units digit of w?
7
Let z(t) = -t**3 - 5*t**2 + 4. Let l be z(-5). Suppose -k = -0 - l. Suppose -4*d = -4*x - 0*x - k, 2*d - 22 = -2*x. What is the units digit of d?
6
Suppose 2*q + i - 5*i = 20, -5 = 2*q + i. Suppose 0 = -q*k + 2*k - 6, -5*h - 2*k = -66. What is the units digit of h?
2
Let f(m) = m**2 + 8*m + 18. What is the hundreds digit of f(-14)?
1
Suppose -i + 78 - 10 = 0. What is the units digit of i?
8
Let k(d) = -72*d**3 + 2*d**2 + 2*d. What is the tens digit of k(-1)?
7
Let o = 22 + 2. What is the units digit of o?
4
What is the units digit of (76/12 + -7)/((-4)/1542)?
7
Suppose 5*u + 80 = 4*d - 4, -d + 24 = -2*u. Let k be 26 - (3 + -3)/2. Let b = k - d. What is the tens digit of b?
1
Let c(z) be the first derivative of -z**5/60 - 7*z**4/24 - 3*z**2/2 - 1. Let o(k) be the second derivative of c(k). What is the units digit of o(-3)?
2
Let y = 48 + -1. What is the tens digit of y?
4
Let l = 2 - 2. Let z(o) = o**2 + 8*o + 2. Le